et u be (-80)/(-14) + (-2)/(-7). Suppose -o + u*o + 20 = 0. What is a(o)?
-1
Let v(y) be the third derivative of y**5/60 + y**4/24 - y**3/6 - 27*y**2. Calculate v(3).
11
Suppose -4*n - 5 - 6 = -z, 0 = -5*z - 25. Let f(m) = -3*m - 6. Determine f(n).
6
Let d(a) be the third derivative of a**5/60 - a**4/24 - 5*a**3/6 - 6*a**2. Calculate d(5).
15
Let m(k) = -k + 5. Suppose 0*t + 2*t - 12 = 0. Give m(t).
-1
Let w(z) be the second derivative of z**3/6 + z**2 + z. Let m(g) = 2*g**2 + 11*g + 7. Let f be m(-4). What is w(f)?
-3
Suppose -f + 55 = 10*f. Let y(u) = u**2 - 4*u + 4. What is y(f)?
9
Let v(p) = -p**2 - 3*p. Let d be v(-3). Suppose g - 3*g = d. Let k(w) = 7 - 1 + g*w - w. Calculate k(0).
6
Let j(a) = -a**3 - 3*a**2 + 4*a. Let l be j(-4). Let c(w) = w**3 - w - 4. Give c(l).
-4
Let g(x) = x**2 - x - 3. Let d be (-2 + 4)/((-1)/(-2)). Suppose d*n - 61 = a, a + 30 = -4*n + 97. Suppose 4*p - n = -4*j - 0*p, 2*p = 8. Give g(j).
-3
Suppose -6*n + 4*n = -8. Suppose -v - 2 = -n. Let s(z) = -2*z**3 - 5 - 3*z + z**3 + 2*z - 4*z**v. Give s(-4).
-1
Let z(q) = -q**3 + q**2 + q - 1. Let p(u) = 5*u**3 - 4*u. Let f(w) = p(w) + 4*z(w). Determine f(-3).
5
Let h = -32 - -30. Let t(u) = -4*u + 2. What is t(h)?
10
Let m(l) = 3*l**3 - 12*l**2 + 3*l - 10. Let p(x) = x**3 - 6*x**2 + x - 5. Let c(w) = 2*m(w) - 5*p(w). Let u(r) = 12*r + 90. Let h be u(-8). What is c(h)?
-1
Let w(x) = 8 - 17 + 5 - x + 2. Calculate w(-6).
4
Let f(u) be the second derivative of u**4/12 + u**3/2 + u**2 + 11*u. What is f(-3)?
2
Let v(s) = 7*s**2 - 4*s + 1. Let r(k) = -6*k**2 + 4*k - 1. Let w(a) = 6*r(a) + 5*v(a). Let u = -1 - -7. Determine w(u).
-13
Let l(g) = -6*g**2 - 2. Let c = 91 - 89. Determine l(c).
-26
Let t(h) = -5 + h**2 + 15 - h + 3 + 0*h**2. Determine t(0).
13
Let k be (0 + -1)/(2/2). Let a(i) be the first derivative of 5*i**4/4 - i**3/3 + i**2/2 + i - 6. Determine a(k).
-6
Let g(u) = 4*u + 1. Let y = -19 - -18. Calculate g(y).
-3
Let r(u) be the second derivative of -u**4/12 + 2*u**3/3 + 3*u**2/2 - 6*u. What is r(3)?
6
Let f be 1/6 + 2/6. Let a(d) be the second derivative of -f*d**2 - d + 1/20*d**5 + 0 + 0*d**4 - 1/3*d**3. Calculate a(2).
3
Let u(i) be the second derivative of -i**4/12 + i**3/6 + i**2 - 33*i + 1. Let x = 2 + 1. Determine u(x).
-4
Let n(t) = 12*t - 11. Let h(i) = 13*i - 13. Let c(a) = 5*h(a) - 6*n(a). Suppose 5 = 5*q + 4*p, -4*p + 1 = q - 0*q. Let v be -3*(-2)/6*q. Calculate c(v).
-6
Suppose -3*t - 84 = -4*i + t, -i + 19 = -3*t. Suppose 10 = -4*y + i. Let m = y - 3. Let n(o) = o**2 + o - 8. Determine n(m).
-8
Suppose 4 = -5*z - 3*l, -z - 2*z = 5*l - 4. Let w(r) = r + 4*r - 6*r - 2. Calculate w(z).
0
Let x(s) = -s + 3. Let r(k) = 3*k - 13. Let p(w) = -w + 1. Let b(l) = -5*p(l) - r(l). Let v be b(-6). Determine x(v).
7
Let m be 41/204 + 2/(-17). Let l(j) be the second derivative of 0 - m*j**4 - 1/6*j**3 + 2*j + 2*j**2. Calculate l(0).
4
Let c(x) = -x**2 + 5. Let d be c(3). Let z(q) = -q**3 - 5*q**2 - q - 5. Calculate z(d).
-17
Let x(y) = -y**2 + 6*y - 8. Let h be ((-144)/(-60))/((-2)/(-5)). What is x(h)?
-8
Let l(h) = h - 11. Let k be l(9). Let o(i) be the first derivative of -i**3/3 - i**2 - 3*i - 2. Calculate o(k).
-3
Let g(s) = 4*s**2. Suppose r + 29 = q, r = 5*q - r - 130. Let p(o) = 22*o**2. Let x(z) = q*g(z) - 4*p(z). What is x(-1)?
8
Let z(a) be the second derivative of a**5/20 + a**4/4 + a**3/6 - 3*a**2/2 - 12*a. What is z(-3)?
-6
Let y(u) = u**2 - u + 1. Let r(k) = k**3 + 10*k**2 - 6*k + 7. Let t(o) = -r(o) + 6*y(o). Let h(z) = 2*z**3 + 32*z**2 - 34*z - 4. Let d be h(-17). Give t(d).
-1
Let b(x) = -3*x**2 + 7*x - 6. Let v(a) = -16*a**2 + 36*a - 31. Let t(f) = 11*b(f) - 2*v(f). Determine t(5).
-4
Let u(w) = w**3 - 5*w**2 - 7*w. Suppose 9*g - 6*g = 18. Calculate u(g).
-6
Suppose -4*k = -2 - 10. Let u(o) = 78 - 78 + k*o + 2*o**2. Give u(-3).
9
Let m(i) = i + 7. Let p be m(-4). Let j(q) = -2*q**2 + 2*q + 2. Calculate j(p).
-10
Let x(r) = -2 + 5*r**2 + 0*r**2 + r**3 - 5 - r. Let i(j) = -6*j + 1. Let b be i(1). Determine x(b).
-2
Let l(m) = -m - 1. Let b(k) = 2*k + 10. Let o(c) = -b(c) - 3*l(c). Give o(-6).
-13
Let g(a) = -8*a**2 - a + 1. Let m(k) = k**2 - 6*k - 5. Let y be m(7). Suppose 0*b + y = 2*b. Give g(b).
-8
Let x(o) = o**2 - 6*o - 5. Let u be x(8). Let l(t) = -5*t**2 + 6*t - 6. Let i = 3 + -5. Let p(q) = -q**2 + q - 1. Let j(g) = i*l(g) + u*p(g). Calculate j(1).
-1
Let l(y) = -3*y**3 - 2*y**2 - 3*y + 9. Let w(f) = f**3 - f**2 + f - 1. Let h(k) = l(k) + 4*w(k). Calculate h(6).
11
Let l(m) be the third derivative of m**6/40 + m**5/30 - m**3/6 + 16*m**2. Let y be (-2)/(-1) + 1*-1. Calculate l(y).
4
Suppose 5*a - 3*p + 14 = 0, -2*p = -1 + 5. Let d(l) be the second derivative of -l**4/12 - 2*l**3/3 + l. What is d(a)?
0
Let v(u) = u + 8. Suppose -7*c - 2*c = 2*c. What is v(c)?
8
Let c(b) = 2*b**3 - 3*b**2 + b + 1. Let f be c(2). Suppose 0*h - h = -4*s + f, 10 = 2*h. Let x(n) = -n**s - 2*n + 0*n**2 + 0*n**2 + 4*n**2. Determine x(4).
-8
Let n(k) = k + 9. Let j(i) = i + 1. Let v(w) = -3*j(w) + n(w). Suppose -7*m + 4 = -38. Give v(m).
-6
Let b(r) = -6*r. Let y(p) = -p - 6. Let k be y(-5). Calculate b(k).
6
Suppose 8 = -3*h + 11. Let k(d) = -10*d**2 + d - 1. Determine k(h).
-10
Let q(d) = 5*d**3 + 2*d**2 - 8*d + 4. Let x(t) = 9*t**3 + 3*t**2 - 15*t + 7. Let c(k) = 7*q(k) - 4*x(k). What is c(3)?
3
Let a(k) = -k**2 + 6*k + 5. Let q = 2 + 4. What is a(q)?
5
Let y(p) = p**3 + 17*p**2 + 42*p + 2. Let r be y(-14). Let x(w) be the third derivative of 0 + 1/3*w**3 - 3*w**r + 0*w + 1/6*w**4. What is x(-3)?
-10
Let y(a) = -a**3 - 4*a**2 + 4*a - 3. Let u be y(-5). Let f(t) = -u*t**2 + 9 - 4 - 8*t + 3*t**2. What is f(6)?
-7
Let o(a) = a**3 - 4*a**2 - 6*a - 3. Let i be o(5). Let p be i/(3/((-6)/(-2))). Let w = -11 - p. Let u(y) = y**2 + y + 1. Give u(w).
7
Let s(z) = -z**3 + 0 - 2*z**2 - 1 + 0 + 4*z. Let f be 4/18 - 29/9. What is s(f)?
-4
Let g be (0 - 0)*1/2. Let a(d) = -d**2 + d + 8. What is a(g)?
8
Let r(k) = 0 + 10*k + 0 + 1. Suppose 1 = 2*z + 3. What is r(z)?
-9
Let u be -1 - (4/(-1) - -6). Let n(c) = -c**3 - 2*c**2 + 5*c + 4. Give n(u).
-2
Let t = -3 - 3. Let m be (-3)/18 + (-25)/t. Let r(y) be the third derivative of y**6/120 - y**5/20 - 5*y**4/24 + 5*y**3/6 + y**2. Calculate r(m).
1
Let a be (-6)/4*8/(-6). Let z(i) = -2 - 18*i + 16*i - a. Give z(-3).
2
Let c = -4 + 0. Let u = -8 - c. Let j(a) = 2*a - 5. What is j(u)?
-13
Let m(v) = -v**2 - 4*v + 4. Let o be m(-4). Let f(l) = 4 - 13 + 5 - l - 4. Let t(i) = -1. Let r(a) = -f(a) + 6*t(a). Give r(o).
6
Let k(m) be the third derivative of m**4/24 - m**3/6 - 16*m**2. Calculate k(-6).
-7
Let o(g) = -5*g**3 + 18*g**2 - 11*g + 13. Let p(n) = -3*n**3 + 12*n**2 - 7*n + 9. Let u(q) = 5*o(q) - 8*p(q). Give u(-6).
-13
Suppose -4*w + 4*a - 4 = -12, -2*w - 5*a = -11. Let f(n) = 2*n + 8. Let b(r) = 5*r + 23. Let p(z) = w*b(z) - 8*f(z). Calculate p(0).
5
Let h(m) = m**3 - 11*m**2 - m + 11. Let r be h(11). Let b(u) = u + 12. Determine b(r).
12
Let z(w) = w**2 + 4*w + 4. Let a be z(-4). Let o(v) = -a + 0*v + v - 3. Let s be 38/9 - (-4)/(-18). Determine o(s).
-3
Let o(s) be the third derivative of s**5/120 - s**3/2 + 6*s**2. Let q(l) be the first derivative of o(l). What is q(0)?
0
Let r(a) = -16*a - 8. Let q(b) = -b - 1. Let k(y) = 5*q(y) - r(y). Give k(-2).
-19
Let m(h) = -2*h - 9. Let z(o) = -3*o - 14. Let i(a) = -7*m(a) + 5*z(a). Let p = 15 + -21. What is i(p)?
-1
Let n(g) be the third derivative of -1/360*g**6 - 1/2*g**3 + 3*g**2 - 1/24*g**4 + 0*g**5 + 0 + 0*g. Let s(a) be the first derivative of n(a). Give s(0).
-1
Let x(n) be the first derivative of n**3/3 - n**2/2 - n - 1. Determine x(-2).
5
Suppose k - 13 = 2*m, -2*k = 3*m - 0*m + 9. Let v(u) = -u**2 + 0 - 3*u - 3 - k*u. What is v(-4)?
5
Let r = 0 + 1. Let d(h) = 5*h**2 + h. Give d(r).
6
Let x = -7 - -8. Let n(s) = x + 3 - 5*s - 5 + 4*s. Give n(-4).
3
Suppose -5*m = -10 - 20. Let b(h) = h. Calculate b(m).
6
Let d(k) = -8*k**2 + 1. Suppose 3*g + 5*g = 8. What is d(g)?
-7
Let s(n) = -2*n. Let i(y) = -8*y. Suppose 4*q + 5*h - 89 = 0, q + 3*h - 17 = -0*h. Let w(x) = q*s(x) - 6*i(x). Give w(2).
-8
Let r = -6 - -15. Let v(d) = d**3 - 9*d**2 - d + 13. Let c be v(r). Let m(w) = -2*w - 4. Give m(c).
-12
Let a(x) = 2*x - 1 - 8*x**2 + x**3 + 16*x**2 - 9*x**2 - 2*x**3. Give a(-3).
11
Let k